{"id":129,"date":"2010-11-24T16:19:28","date_gmt":"2010-11-24T16:19:28","guid":{"rendered":"http:\/\/www.targetintelligence.com.ar\/wordpress\/?page_id=129"},"modified":"2010-12-10T19:45:56","modified_gmt":"2010-12-10T19:45:56","slug":"target-rep","status":"publish","type":"page","link":"https:\/\/www.targetintelligence.com.ar\/?page_id=129","title":{"rendered":"Target REP"},"content":{"rendered":"<p><img loading=\"lazy\" class=\"alignnone size-full wp-image-153\" src=\"http:\/\/www.targetintelligence.com.ar\/wordpress\/wp-content\/uploads\/2010\/11\/soluciones_bannerRep.jpg\" alt=\"\" width=\"882\" height=\"360\" srcset=\"https:\/\/www.targetintelligence.com.ar\/wp-content\/uploads\/2010\/11\/soluciones_bannerRep.jpg 882w, https:\/\/www.targetintelligence.com.ar\/wp-content\/uploads\/2010\/11\/soluciones_bannerRep-600x245.jpg 600w, https:\/\/www.targetintelligence.com.ar\/wp-content\/uploads\/2010\/11\/soluciones_bannerRep-300x122.jpg 300w\" sizes=\"(max-width: 882px) 100vw, 882px\" \/><\/p>\n<p><img loading=\"lazy\" class=\"alignnone size-full wp-image-60\" title=\"bullet\" src=\"http:\/\/www.targetintelligence.com.ar\/wordpress\/wp-content\/uploads\/2010\/10\/bullet.jpg\" alt=\"\" width=\"12\" height=\"12\" \/> Target Rep es un reporte en Excel con la cartera por representante a partir de la informaci\u00f3n existente en Target Matrix.<br \/>\n<img loading=\"lazy\" class=\"alignnone size-full wp-image-60\" title=\"bullet\" src=\"http:\/\/www.targetintelligence.com.ar\/wordpress\/wp-content\/uploads\/2010\/10\/bullet.jpg\" alt=\"\" width=\"12\" height=\"12\" \/> Cada representante podr\u00e1 contar con toda la informaci\u00f3n de su cartera en una sola aplicaci\u00f3n.<\/p>\n","protected":false},"excerpt":{"rendered":"<p>Target Rep es un reporte en Excel con la cartera por representante a partir de la informaci\u00f3n existente en Target Matrix. Cada representante podr\u00e1 contar con toda la informaci\u00f3n de su cartera en una sola aplicaci\u00f3n.<\/p>\n","protected":false},"author":1,"featured_media":0,"parent":8,"menu_order":3,"comment_status":"closed","ping_status":"closed","template":"template-fullwidth.php","meta":[],"_links":{"self":[{"href":"https:\/\/www.targetintelligence.com.ar\/index.php?rest_route=\/wp\/v2\/pages\/129"}],"collection":[{"href":"https:\/\/www.targetintelligence.com.ar\/index.php?rest_route=\/wp\/v2\/pages"}],"about":[{"href":"https:\/\/www.targetintelligence.com.ar\/index.php?rest_route=\/wp\/v2\/types\/page"}],"author":[{"embeddable":true,"href":"https:\/\/www.targetintelligence.com.ar\/index.php?rest_route=\/wp\/v2\/users\/1"}],"replies":[{"embeddable":true,"href":"https:\/\/www.targetintelligence.com.ar\/index.php?rest_route=%2Fwp%2Fv2%2Fcomments&post=129"}],"version-history":[{"count":11,"href":"https:\/\/www.targetintelligence.com.ar\/index.php?rest_route=\/wp\/v2\/pages\/129\/revisions"}],"predecessor-version":[{"id":281,"href":"https:\/\/www.targetintelligence.com.ar\/index.php?rest_route=\/wp\/v2\/pages\/129\/revisions\/281"}],"up":[{"embeddable":true,"href":"https:\/\/www.targetintelligence.com.ar\/index.php?rest_route=\/wp\/v2\/pages\/8"}],"wp:attachment":[{"href":"https:\/\/www.targetintelligence.com.ar\/index.php?rest_route=%2Fwp%2Fv2%2Fmedia&parent=129"}],"curies":[{"name":"wp","href":"https:\/\/api.w.org\/{rel}","templated":true}]}}