{"id":376,"date":"2012-10-15T19:11:44","date_gmt":"2012-10-15T19:11:44","guid":{"rendered":"http:\/\/www.targetintelligence.com.ar\/wordpress\/?page_id=376"},"modified":"2012-10-17T15:46:31","modified_gmt":"2012-10-17T15:46:31","slug":"digital-tools","status":"publish","type":"page","link":"https:\/\/www.targetintelligence.com.ar\/?page_id=376","title":{"rendered":"Digital Tools"},"content":{"rendered":"<p><strong>Desarrollamos aplicaciones para tablets y smartphones que permitan:<\/strong><\/p>\n<ul>\n<li><span class=\"lst\"> Ser utilizadas en la promoci\u00f3n m\u00e9dica.<\/li>\n<li><span class=\"lst\"> Generar un entorno adecuado para la interacci\u00f3n de la compa\u00f1\u00eda con sus clientes.<\/li>\n<li><span class=\"lst\"> Visualizar y analizar la performance de representantes <i>(Target Rep por ejemplo)<\/i>.<\/li>\n<\/ul>\n<p><img loading=\"lazy\" class=\"alignnone size-full wp-image-187\" src=\"http:\/\/www.targetintelligence.com.ar\/wordpress\/wp-content\/uploads\/2010\/11\/sep23.jpg\" alt=\"\" width=\"882\" height=\"50\" srcset=\"https:\/\/www.targetintelligence.com.ar\/wp-content\/uploads\/2010\/11\/sep23.jpg 882w, https:\/\/www.targetintelligence.com.ar\/wp-content\/uploads\/2010\/11\/sep23-600x34.jpg 600w, https:\/\/www.targetintelligence.com.ar\/wp-content\/uploads\/2010\/11\/sep23-300x17.jpg 300w\" sizes=\"(max-width: 882px) 100vw, 882px\" \/><\/p>\n","protected":false},"excerpt":{"rendered":"<p>Desarrollamos aplicaciones para tablets y smartphones que permitan: Ser utilizadas en la promoci\u00f3n m\u00e9dica. Generar un entorno adecuado para la interacci\u00f3n de la compa\u00f1\u00eda con sus clientes. Visualizar y analizar la performance de representantes (Target Rep por ejemplo).<\/p>\n","protected":false},"author":1,"featured_media":0,"parent":0,"menu_order":0,"comment_status":"closed","ping_status":"closed","template":"template-fullwidth.php","meta":[],"_links":{"self":[{"href":"https:\/\/www.targetintelligence.com.ar\/index.php?rest_route=\/wp\/v2\/pages\/376"}],"collection":[{"href":"https:\/\/www.targetintelligence.com.ar\/index.php?rest_route=\/wp\/v2\/pages"}],"about":[{"href":"https:\/\/www.targetintelligence.com.ar\/index.php?rest_route=\/wp\/v2\/types\/page"}],"author":[{"embeddable":true,"href":"https:\/\/www.targetintelligence.com.ar\/index.php?rest_route=\/wp\/v2\/users\/1"}],"replies":[{"embeddable":true,"href":"https:\/\/www.targetintelligence.com.ar\/index.php?rest_route=%2Fwp%2Fv2%2Fcomments&post=376"}],"version-history":[{"count":3,"href":"https:\/\/www.targetintelligence.com.ar\/index.php?rest_route=\/wp\/v2\/pages\/376\/revisions"}],"predecessor-version":[{"id":382,"href":"https:\/\/www.targetintelligence.com.ar\/index.php?rest_route=\/wp\/v2\/pages\/376\/revisions\/382"}],"wp:attachment":[{"href":"https:\/\/www.targetintelligence.com.ar\/index.php?rest_route=%2Fwp%2Fv2%2Fmedia&parent=376"}],"curies":[{"name":"wp","href":"https:\/\/api.w.org\/{rel}","templated":true}]}}