{"id":412,"date":"2015-05-28T13:28:30","date_gmt":"2015-05-28T16:28:30","guid":{"rendered":"http:\/\/www.targetintelligence.com.ar\/wordpress\/?page_id=412"},"modified":"2015-05-28T14:34:55","modified_gmt":"2015-05-28T17:34:55","slug":"politica-de-privacidad","status":"publish","type":"page","link":"https:\/\/www.targetintelligence.com.ar\/?page_id=412","title":{"rendered":"Pol\u00edtica de Privacidad"},"content":{"rendered":"<p>1.<strong> Nuestro Compromiso con la Privacidad<\/strong>.<\/p>\n<p>Target Intelligence S.A. (en adelante, \u201cTI\u201d) respeta la privacidad de toda persona que visite nuestro sitio en la Web. Esta Pol\u00edtica de Privacidad indica la informaci\u00f3n que TI puede recopilar y el uso que puede dar a esa informaci\u00f3n. Tambi\u00e9n explica las medidas de seguridad tomadas para proteger su informaci\u00f3n, su posibilidad de acceder a su informaci\u00f3n, y a qui\u00e9n podr\u00e1 contactar en TI para que sus preguntas en relaci\u00f3n con esta Pol\u00edtica de Privacidad sean contestadas, y le sean resueltos otros asuntos que puedan surgir.<\/p>\n<p>2.<strong> Recopilaci\u00f3n y Utilizaci\u00f3n de su Informaci\u00f3n<\/strong>.<\/p>\n<p>2.1. Esta Pol\u00edtica de Privacidad contempla la recopilaci\u00f3n y uso de informaci\u00f3n personal en el sitio de Internet de www.targetintelligence.com.ar (en adelante, el \u201cSITIO\u201d).<\/p>\n<p>2.2. TI no recopilar\u00e1 a trav\u00e9s del SITIO ninguna informaci\u00f3n sobre usted que pueda identificarlo personalmente, como, por ejemplo, su nombre, direcci\u00f3n, n\u00famero de tel\u00e9fono o direcci\u00f3n de correo electr\u00f3nico (la \u201cInformaci\u00f3n Personal&#8221;), a menos que usted nos la brinde en forma voluntaria. Si usted no desea que recopilemos su Informaci\u00f3n Personal, por favor abst\u00e9ngase de proporcionarla.<\/p>\n<p>2.3. En caso de que usted nos brinde Informaci\u00f3n Personal, le comunicamos que esa Informaci\u00f3n Personal ser\u00e1 objeto de tratamiento automatizado e incorporada a la base de datos de TI.<\/p>\n<p>3. <strong>Informaci\u00f3n Personal<\/strong>.<\/p>\n<p>3.1. TI recopila Informaci\u00f3n Personal en l\u00ednea cuando, entre otros casos,:<\/p>\n<ul>\n<li><span style=\"color: #000000;\">Usted nos env\u00eda preguntas,      consultas o comentarios.<\/span><\/li>\n<li><span style=\"color: #000000;\">Usted solicita informaci\u00f3n.<\/span><\/li>\n<li><span style=\"color: #000000;\">Usted se registra para hacer      uso de alguno de los servicios disponibles del SITIO.<\/span><\/li>\n<li><span style=\"color: #000000;\">Usted provee de cualquier      forma informaci\u00f3n al SITIO (chats, foros, uploads, etc.).<\/span><\/li>\n<\/ul>\n<p>3.2. El tipo de informaci\u00f3n recopilada puede incluir nombre, tel\u00e9fono, direcci\u00f3n de correo electr\u00f3nico y\/o cualquier otra informaci\u00f3n que permita individualizarlo. En todos los casos que usted brinde Informaci\u00f3n Personal, y de acuerdo a la legislaci\u00f3n vigente, usted declara que la Informaci\u00f3n Personal brindada es cierta.<\/p>\n<p>3.3. <span style=\"text-decoration: underline;\">En los casos que usted nos brinde su Informaci\u00f3n Personal, usted acepta y presta su consentimiento libre, expreso e informado para que dicha Informaci\u00f3n Personal sea utilizada con las finalidades arriba mencionadas, y autoriza a que la misma sea tratada, almacenada, recopilada en las bases de datos de propiedad de TI. Asimismo, usted acepta y presta su consentimiento libre, expreso e informado con los t\u00e9rminos de la presente Pol\u00edtica de Privacidad.<\/span><\/p>\n<p>4. <strong>Correo Electr\u00f3nico<\/strong>.<\/p>\n<p>4.1. TI podr\u00e1 enviarle correos electr\u00f3nicos en relaci\u00f3n al contenido del SITIO o sobre su cuenta y en respuesta a sus preguntas, consultas o comentarios. TI tambi\u00e9n le podr\u00e1 enviar correos electr\u00f3nicos con informaci\u00f3n sobre productos y servicios que le puedan interesar, a menos que usted indique que no desea recibir dichos correos electr\u00f3nicos.<\/p>\n<p>4.2. Usted podr\u00e1, en cualquier momento, solicitar el retiro o bloqueo de su nombre de la base de datos a los que se refiere la presente Pol\u00edtica de Privacidad, conforme la Ley 25.326, art. 27 inciso 3ro.<\/p>\n<p>5. <strong>Otra Informaci\u00f3n &#8211; Cookies<\/strong>.<\/p>\n<p>Cuando usted ingresa en el SITIO podemos almacenar alguna informaci\u00f3n en su computadora bajo la forma de una &#8220;Cookie&#8221; o archivo similar que puede sernos \u00fatil de varias formas. Por ejemplo, las Cookies nos permiten dise\u00f1ar un sitio Web de forma tal de poder satisfacer en mayor medida sus intereses y preferencias. Con la mayor\u00eda de los exploradores para Internet, usted puede borrar las Cookies del disco r\u00edgido de su computadora, bloquear todas las Cookies o recibir un mensaje de alerta antes de que se almacene una Cookie. Remitirse a las instrucciones de su explorador o a la pantalla de ayuda para conocer m\u00e1s sobre estas funciones.<\/p>\n<p>6. <strong>Cesi\u00f3n de informaci\u00f3n.<\/strong><\/p>\n<p>6.1. TI no vende, alquila ni comercializa a terceros Informaci\u00f3n Personal sobre usted, ni tenemos intenciones de hacerlo.<\/p>\n<p>6.2. En principio, la Informaci\u00f3n Personal que TI recolecte a trav\u00e9s del SITIO no se utilizar\u00e1n con fines de marketing directo de terceros. TI no transfiere a terceros la Informaci\u00f3n Personal que usted nos haya proporcionado para que los mismos sean utilizados en su marketing directo a menos que se lo hubi\u00e9ramos notificado y obtenido su consentimiento expl\u00edcito en forma previa.<\/p>\n<p>7.<strong> Protegiendo Su Informaci\u00f3n Personal<\/strong>.<\/p>\n<p>7.1. Para prevenir acceso no autorizado, mantener la precisi\u00f3n de los datos y asegurar el uso correcto de su Informaci\u00f3n Personal, TI ha puesto en uso ciertos medios f\u00edsicos, electr\u00f3nicos, administrativos y procedimientos de seguridad para resguardar y asegurar la Informaci\u00f3n Personal que recopilamos en l\u00ednea. Nosotros resguardamos la Informaci\u00f3n Personal de acuerdo a est\u00e1ndares y procedimientos de seguridad establecidos y continuamente evaluamos nueva tecnolog\u00eda para proteger esa informaci\u00f3n. TI garantiza que los procesos internos propios de las bases de datos cumplen con las obligaciones legales de seguridad y confidencialidad impuestas por la Ley de Protecci\u00f3n de Datos Personales N\u00b0 25.326.<\/p>\n<p>7.2. Sin embargo, usted reconoce que los medios t\u00e9cnicos existentes que brindan seguridad no son inexpugnables, y que aun cuando se adopten todos los recaudos razonables de seguridad es posible sufrir manipulaciones, destrucci\u00f3n y\/o p\u00e9rdida de informaci\u00f3n. Privacidad de Menores de Edad.<\/p>\n<p>8.<strong> Links Externos<\/strong>.<\/p>\n<p>El SITIO puede contener links hacia y provenientes de otros sitios de Internet. TI no es responsable por las pr\u00e1cticas de privacidad ni el tratamiento de lo datos personales de esos sitios. TI los alienta a que averig\u00fcen las pr\u00e1cticas de privacidad de dichos sitios de Internet antes de su utilizaci\u00f3n.<\/p>\n<p>9. <strong>Manteniendo Precisa su Informaci\u00f3n Personal<\/strong>.<\/p>\n<p>9.1. Si usted ha proporcionado Informaci\u00f3n Personal a trav\u00e9s de los servicios disponibles en el SITIO y cualquiera de su Informaci\u00f3n Personal cambia, usted podr\u00e1 revisar, modificar, eliminar y actualizar sus datos personales en el momento que desee.<\/p>\n<p>9.2. Asimismo, y de conformidad con la legislaci\u00f3n vigente, usted podr\u00e1 solicitar el ejercicio de su derecho de acceso, rectificaci\u00f3n o supresi\u00f3n de su Informaci\u00f3n Personal. De esta manera, usted tiene la opci\u00f3n de enviar un correo electr\u00f3nico para pedir un cambio de su informaci\u00f3n o una copia de su Informaci\u00f3n Personal que hemos recolectado en l\u00ednea.<\/p>\n<p>9.3. El derecho de acceso a los datos podr\u00e1 ser ejercido en forma gratuita por el interesado en la medida que la correspondiente informaci\u00f3n sea solicitada en intervalos no inferiores a seis meses, salvo que se acredite un inter\u00e9s leg\u00edtimo al efecto, conforme art\u00edculo 14, inciso 3 de la Ley 25.326.<\/p>\n<p>9.4. Si los datos son incorrectos, desea actualizarlos y\/o suprimirlos, nosotros corregiremos, actualizaremos y\/o suprimiremos esa informaci\u00f3n a su requerimiento sin costo alguno, conforme art\u00edculo 16 de la Ley 25.326. Para ello, por favor tenga a bien enviar un correo electr\u00f3nico a la direcci\u00f3n <a href=\"mailto:contacto@targetintelligence.com.ar\"><span style=\"color: #000000;\">contacto@targetintelligence.com.ar<\/span><\/a> con el asunto &#8220;Informar&#8221;, &#8220;Rectificar&#8221;, &#8220;Suprimir&#8221; y\/o &#8220;Actualizar&#8221; seg\u00fan corresponda, conjuntamente con el objeto de su requerimiento.<\/p>\n<p>9.5. Asimismo, si usted se suscribe a alguno de los servicios o comunicaciones que ofrece TI, tal como un bolet\u00edn de noticias electr\u00f3nico (e-newsletter), podr\u00e1 dar de baja su suscripci\u00f3n en cualquier momento, siguiendo las instrucciones incluidas en cada comunicaci\u00f3n.<\/p>\n<p>9.6. TI har\u00e1 todos los esfuerzos razonables para hacer que sus solicitudes sean cumplidas. No obstante, quiz\u00e1s necesitemos informaci\u00f3n adicional antes de poder procesar su solicitud.<\/p>\n<p>9.7. Se hace saber que la DNPDP, \u00d3rgano de Control de la Ley 25.326, tiene la atribuci\u00f3n de atender las denuncias y reclamos que se interpongan con relaci\u00f3n al incumplimiento de las normas sobre protecci\u00f3n de datos personales.<\/p>\n<p>10. <strong>Contactos en TI y Vigilancia<\/strong>.<\/p>\n<p>Si tiene preguntas sobre su privacidad cuando utilice el SITIO, por favor cont\u00e1ctenos al siguiente correo electr\u00f3nico: <a href=\"mailto:contacto@targetintelligence.com.ar\"><span style=\"color: #000000;\">contacto@targetintelligence.com.ar<\/span><\/a>.<\/p>\n<p>11.<strong> Cambios a esta Pol\u00edtica de Privacidad<\/strong>.<\/p>\n<p>TI se reserva el derecho a modificar esta pol\u00edtica de privacidad peri\u00f3dicamente. Usted se compromete a revisar regularmente estas Pol\u00edticas de Privacidad a fin de informarse de cualquier cambio que se pueda haber producido.<\/p>\n<p>Esta Pol\u00edtica de Privacidad fue actualizada por \u00faltima vez el 18\/02\/2015.<\/p>\n","protected":false},"excerpt":{"rendered":"<p>1. Nuestro Compromiso con la Privacidad. Target Intelligence S.A. (en adelante, \u201cTI\u201d) respeta la privacidad de toda persona que visite nuestro sitio en la Web. Esta Pol\u00edtica de Privacidad indica la informaci\u00f3n que TI puede recopilar y el uso que puede dar a esa informaci\u00f3n. Tambi\u00e9n explica las medidas de seguridad tomadas para proteger su [&hellip;]<\/p>\n","protected":false},"author":1,"featured_media":0,"parent":0,"menu_order":0,"comment_status":"closed","ping_status":"closed","template":"","meta":[],"_links":{"self":[{"href":"https:\/\/www.targetintelligence.com.ar\/index.php?rest_route=\/wp\/v2\/pages\/412"}],"collection":[{"href":"https:\/\/www.targetintelligence.com.ar\/index.php?rest_route=\/wp\/v2\/pages"}],"about":[{"href":"https:\/\/www.targetintelligence.com.ar\/index.php?rest_route=\/wp\/v2\/types\/page"}],"author":[{"embeddable":true,"href":"https:\/\/www.targetintelligence.com.ar\/index.php?rest_route=\/wp\/v2\/users\/1"}],"replies":[{"embeddable":true,"href":"https:\/\/www.targetintelligence.com.ar\/index.php?rest_route=%2Fwp%2Fv2%2Fcomments&post=412"}],"version-history":[{"count":5,"href":"https:\/\/www.targetintelligence.com.ar\/index.php?rest_route=\/wp\/v2\/pages\/412\/revisions"}],"predecessor-version":[{"id":418,"href":"https:\/\/www.targetintelligence.com.ar\/index.php?rest_route=\/wp\/v2\/pages\/412\/revisions\/418"}],"wp:attachment":[{"href":"https:\/\/www.targetintelligence.com.ar\/index.php?rest_route=%2Fwp%2Fv2%2Fmedia&parent=412"}],"curies":[{"name":"wp","href":"https:\/\/api.w.org\/{rel}","templated":true}]}}