{"id":425,"date":"2015-06-15T11:26:20","date_gmt":"2015-06-15T14:26:20","guid":{"rendered":"http:\/\/www.targetintelligence.com.ar\/wordpress\/?page_id=425"},"modified":"2016-07-11T17:55:06","modified_gmt":"2016-07-11T20:55:06","slug":"compliance-training","status":"publish","type":"page","link":"https:\/\/www.targetintelligence.com.ar\/?page_id=425","title":{"rendered":"COMPLIANCE TRAINING"},"content":{"rendered":"<p style=\"text-align: center;\"><img loading=\"lazy\" class=\"aligncenter size-full wp-image-429\" title=\"Compliance-Training-Logo\" src=\"http:\/\/www.targetintelligence.com.ar\/wordpress\/wp-content\/uploads\/2015\/06\/Compliance-Training-Logo.jpg\" alt=\"\" width=\"300\" height=\"52\" \/><\/p>\n<h3>Aplicaci\u00f3n web para la gesti\u00f3n del entrenamiento en l\u00ednea de \u00e9tica y compliance a los profesionales de la salud (HCPs) y\/o terceros contratados por la compa\u00f1\u00eda, que prestar\u00e1n servicios como oradores en conferencia, advisory board, consultor\u00edas, agencias de promoci\u00f3n, publicidad, etc.<\/h3>\n<h1>Ventajas<\/h1>\n<ul>\n<li><span style=\"color: #000000;\">F\u00e1cil de utilizar<\/span><\/li>\n<li><span style=\"color: #000000;\">Soporta m\u00faltiples idiomas<\/span><\/li>\n<li><span style=\"color: #000000;\">Optimizada para reducir la cantidad de pasos necesarios al m\u00ednimo posible, tanto para completar un entrenamiento, como para gestionar la asignaci\u00f3n a los HCPs y terceros<\/span><\/li>\n<li><span style=\"color: #000000;\">Contenidos de definici\u00f3n libre, tanto el material de entrenamiento como la definici\u00f3n de preguntas y respuestas para las evaluaciones<\/span><\/li>\n<li><span style=\"color: #000000;\">Capacidad de segregar accesos (ej. por pa\u00eds, por tipo de entrenamiento)<\/span><\/li>\n<\/ul>\n","protected":false},"excerpt":{"rendered":"<p>Aplicaci\u00f3n web para la gesti\u00f3n del entrenamiento en l\u00ednea de \u00e9tica y compliance a los profesionales de la salud (HCPs) y\/o terceros contratados por la compa\u00f1\u00eda, que prestar\u00e1n servicios como oradores en conferencia, advisory board, consultor\u00edas, agencias de promoci\u00f3n, publicidad, etc. Ventajas F\u00e1cil de utilizar Soporta m\u00faltiples idiomas Optimizada para reducir la cantidad de pasos [&hellip;]<\/p>\n","protected":false},"author":1,"featured_media":0,"parent":0,"menu_order":0,"comment_status":"closed","ping_status":"open","template":"template-fullwidth.php","meta":[],"_links":{"self":[{"href":"https:\/\/www.targetintelligence.com.ar\/index.php?rest_route=\/wp\/v2\/pages\/425"}],"collection":[{"href":"https:\/\/www.targetintelligence.com.ar\/index.php?rest_route=\/wp\/v2\/pages"}],"about":[{"href":"https:\/\/www.targetintelligence.com.ar\/index.php?rest_route=\/wp\/v2\/types\/page"}],"author":[{"embeddable":true,"href":"https:\/\/www.targetintelligence.com.ar\/index.php?rest_route=\/wp\/v2\/users\/1"}],"replies":[{"embeddable":true,"href":"https:\/\/www.targetintelligence.com.ar\/index.php?rest_route=%2Fwp%2Fv2%2Fcomments&post=425"}],"version-history":[{"count":8,"href":"https:\/\/www.targetintelligence.com.ar\/index.php?rest_route=\/wp\/v2\/pages\/425\/revisions"}],"predecessor-version":[{"id":627,"href":"https:\/\/www.targetintelligence.com.ar\/index.php?rest_route=\/wp\/v2\/pages\/425\/revisions\/627"}],"wp:attachment":[{"href":"https:\/\/www.targetintelligence.com.ar\/index.php?rest_route=%2Fwp%2Fv2%2Fmedia&parent=425"}],"curies":[{"name":"wp","href":"https:\/\/api.w.org\/{rel}","templated":true}]}}